49061?
543
Calculate the greatest common divisor of 72 and 137178.
18
What is the greatest common divisor of 357090 and 120?
30
Calculate the greatest common divisor of 40550 and 50.
50
What is the greatest common factor of 5038 and 20?
2
What is the greatest common factor of 5561 and 871?
67
Calculate the highest common divisor of 1880 and 300.
20
Calculate the greatest common factor of 163952 and 112.
16
What is the highest common factor of 134050 and 175?
175
Calculate the greatest common divisor of 10 and 61226.
2
Calculate the greatest common divisor of 348 and 73956.
12
Calculate the greatest common divisor of 27648 and 162.
54
What is the highest common factor of 55 and 39875?
55
Calculate the greatest common factor of 10824 and 3300.
132
Calculate the highest common divisor of 153210 and 30.
30
What is the greatest common divisor of 33484 and 2068?
44
Calculate the highest common factor of 1003 and 298953.
59
Calculate the highest common divisor of 44 and 298100.
44
What is the greatest common divisor of 697 and 34374?
17
What is the highest common factor of 244 and 100?
4
Calculate the highest common divisor of 172 and 7783.
43
Calculate the greatest common divisor of 24647 and 784.
49
What is the greatest common factor of 7168 and 3048?
8
Calculate the highest common factor of 70 and 83615.
35
Calculate the highest common divisor of 723583 and 441.
49
Calculate the highest common factor of 5713 and 1943.
29
What is the greatest common divisor of 133 and 2185?
19
What is the greatest common divisor of 6 and 320793?
3
What is the greatest common divisor of 624 and 15384?
24
What is the highest common divisor of 264 and 9804?
12
Calculate the highest common factor of 23148 and 2556.
36
What is the highest common divisor of 1215 and 52380?
135
Calculate the greatest common divisor of 6146 and 1554.
14
What is the highest common divisor of 152 and 86146?
38
What is the greatest common factor of 693 and 79387?
77
What is the greatest common divisor of 24472 and 291004?
532
What is the highest common divisor of 84 and 2032?
4
Calculate the highest common divisor of 40 and 9232.
8
Calculate the highest common divisor of 311560 and 40.
40
Calculate the highest common factor of 16 and 84432.
16
What is the highest common factor of 265801 and 3297?
157
What is the highest common divisor of 60816 and 636?
12
What is the highest common divisor of 20470 and 29815?
445
Calculate the greatest common factor of 115148 and 44.
44
Calculate the greatest common divisor of 36 and 223020.
36
What is the highest common divisor of 76 and 17126?
2
Calculate the greatest common divisor of 15664 and 3738.
178
Calculate the greatest common divisor of 390 and 343010.
10
What is the highest common divisor of 1383467 and 807?
269
Calculate the highest common divisor of 540 and 802980.
540
Calculate the highest common factor of 336 and 763.
7
Calculate the greatest common divisor of 9558 and 338094.
162
What is the highest common factor of 8 and 9230?
2
Calculate the highest common divisor of 792 and 99891.
99
What is the highest common divisor of 162370 and 338?
26
What is the highest common factor of 53000 and 920?
40
Calculate the highest common factor of 69 and 156239.
23
What is the highest common divisor of 27 and 1226871?
9
Calculate the highest common divisor of 4005 and 90.
45
Calculate the highest common divisor of 3165 and 729849.
633
Calculate the greatest common divisor of 528 and 52080.
48
What is the greatest common divisor of 9 and 1966689?
9
What is the greatest common divisor of 9108 and 1956?
12
What is the greatest common divisor of 44 and 5307478?
22
Calculate the greatest common factor of 29640 and 266240.
520
Calculate the greatest common divisor of 373519 and 31.
31
What is the highest common divisor of 18102 and 30?
6
What is the greatest common divisor of 28 and 7243684?
28
What is the greatest common divisor of 124580 and 20?
20
What is the highest common factor of 278 and 4126?
2
What is the highest common factor of 535 and 945?
5
Calculate the greatest common factor of 106 and 159106.
106
Calculate the greatest common factor of 17 and 19567.
17
Calculate the highest common factor of 1815 and 156255.
165
Calculate the greatest common divisor of 2514 and 20531.
419
What is the greatest common factor of 388368 and 32?
16
Calculate the greatest common divisor of 6 and 14298.
6
What is the greatest common factor of 4394 and 3614?
26
Calculate the greatest common divisor of 25025 and 429.
143
What is the greatest common divisor of 91 and 2661841?
91
What is the highest common divisor of 18327 and 30135?
123
Calculate the highest common factor of 4741 and 5038.
11
Calculate the highest common factor of 26 and 3860194.
26
What is the greatest common factor of 1577 and 22991?
83
What is the greatest common factor of 1740 and 14580?
60
Calculate the greatest common divisor of 6844 and 413.
59
Calculate the greatest common factor of 495 and 47619.
99
Calculate the greatest common divisor of 725 and 326975.
725
Calculate the greatest common divisor of 233415 and 95.
95
What is the highest common factor of 3124 and 641201?
781
Calculate the greatest common divisor of 18 and 26610.
6
Calculate the greatest common factor of 48723 and 7152.
447
What is the greatest common factor of 5832 and 568944?
648
What is the greatest common divisor of 252 and 3836574?
126
What is the highest common factor of 6697 and 111?
37
What is the greatest common factor of 175083 and 34?
17
Calculate the greatest common divisor of 11814120 and 12.
12
What is the greatest common factor of 665208 and 8?
8
Calculate the greatest common divisor of 215502 and 21.
21
What is the highest common factor of 1155 and 18095?
385
Calculate the highest common divisor of 288 and 2542356.
36
What is the greatest common divisor of 11395 and 212?
53
Calculate the greatest common divisor of 1561846 and 858.
286
Calculate the highest common factor of 176 and 54736.
176
Calculate the highest common factor of 29214 and 1242.
54
What is the highest common factor of 312 and 69342?
78
What is the highest common factor of 2665156 and 13?
13
What is the highest common factor of 47220 and 1920?
60
What is the greatest common factor of 20416 and 1760?
352
What is the greatest common divisor of 45 and 4495?
5
Calculate the highest common divisor of 2184 and 640.
8
Calculate the highest common factor of 1108509 and 8115.
1623
Calculate the greatest common divisor of 6272 and 206584.
392
What is the greatest common divisor of 100 and 35780?
20
Calculate the highest common divisor of 5420073 and 133.
19
Calculate the highest common factor of 403813 and 1.
1
What is the greatest common factor of 36 and 191286?
18
What is the greatest common divisor of 2015 and 22685?
65
Calculate the greatest common divisor of 200 and 59900.
100
Calculate the greatest common factor of 1592451 and 147.
147
Calculate the highest common factor of 12933 and 27.
27
Calculate the greatest common factor of 496307 and 105.
7
Calculate the highest common divisor of 695 and 2583315.
695
Calculate the highest common factor of 4075 and 5675.
25
What is the greatest common factor of 172991 and 182?
91
Calculate the greatest common factor of 2425 and 100.
25
What is the greatest common divisor of 6807346 and 226?
226
Calculate the greatest common factor of 1090 and 91778.
218
Calculate the highest common divisor of 62 and 335761.
31
Calculate the highest common factor of 3176927 and 13.
13
What is the highest common factor of 8864 and 1376?
32
Calculate the greatest common divisor of 736857 and 9.
9
What is the greatest common divisor of 24525 and 525?
75
What is the greatest common factor of 76310 and 65?
65
Calculate the highest common factor of 36588 and 732.
12
What is the greatest common divisor of 510 and 164985?
255
What is the highest common divisor of 663885 and 45?
45
Calculate the greatest common factor of 195100 and 50.
50
Calculate the greatest common factor of 241 and 253291.
241
Calculate the greatest common divisor of 98937 and 27.
9
Calculate the greatest common divisor of 10 and 1185.
5
What is the greatest common divisor of 10848 and 30849?
339
What is the highest common divisor of 3955881 and 201?
201
Calculate th